What is the tens digit of h?
2
What is the units digit of (16/40)/((-2)/(-70))?
4
What is the tens digit of (64 + 6)/(2/4)?
4
Let p(d) = d**2 - 5*d - 1. Let a be 2 + -1 - (2 - -1). Let j(n) = -3*n**2 + 15*n + 2. Let u(y) = a*j(y) - 7*p(y). What is the units digit of u(5)?
3
Let w(k) = k**2 + 3*k - 1. Let v be w(-3). Let g be (5 + v)/((-5)/(-10)). Suppose -3*y - 4*l = -g*y + 27, -5*y + 5*l = -25. What is the units digit of y?
7
Suppose -16 = 4*c - 0*c. What is the units digit of (50/c)/(5/(-20))?
0
Let k(t) = -t**2 - 21*t + 2. What is the units digit of k(-20)?
2
Suppose -2*d - 76 = -3*u - 0*d, -u + 12 = -4*d. What is the tens digit of u?
2
Let c(k) = -3*k + 4 + 0*k + 1. Let f be c(-5). Suppose -t + f = t. What is the tens digit of t?
1
Suppose 5*j - 4*b = 16 + 17, -5*b - 25 = -3*j. Suppose 19 = j*p - 16. What is the units digit of p?
7
Suppose 4*l = -2*j - 1 - 9, -3*l - j = 5. Suppose l = 4*a - 9 - 39. What is the units digit of a?
2
Let p(i) = 3*i - 11. Let v be 21*(-2)/(-4)*-2. Let h = -13 - v. What is the units digit of p(h)?
3
Let r be ((-1)/(-2))/(2/76). Let i = -5 + r. Suppose -3*v + 4 + i = 0. What is the units digit of v?
6
Let q(j) = j**2 + 4*j + 4. Let b(x) = -2*x**2 - 8*x - 8. Let g(u) = -2*b(u) - 5*q(u). Let h be g(-5). Let r = h + 22. What is the units digit of r?
3
Let s be 30/(-4)*(-2)/3. Suppose 5*u = u - 4*i - 68, 4*i = -s*u - 81. Let w = 19 + u. What is the units digit of w?
6
Suppose 5*w - 10 = -2*i, w + 0*w = 0. Suppose 4*v = 2*p - p + 4, -i*p = 3*v - 26. Suppose 4*d + 2 - 14 = -4*y, -p*d = 16. What is the units digit of y?
7
What is the tens digit of (-1)/((36/200)/(-9))?
5
Let c = 10 + -7. Let x(m) = -m**3 - 3*m**2 - m. Let w be x(-3). Suppose -c*q = q + 4, w*a - 37 = 4*q. What is the units digit of a?
1
Let t = -7 + 21. Let q(k) = k**3 + 2*k**2 + k + 2. Let g be q(-3). Let r = t + g. What is the units digit of r?
4
Suppose -p = -5*f - 42 + 2, -120 = -2*p + 2*f. What is the tens digit of p?
6
Suppose 132 = 2*p + p - 3*i, 0 = -4*p + i + 170. Suppose -4*w + p = -30. What is the tens digit of w?
1
Suppose -136 = 5*h + 3*c - 360, 0 = -2*c + 6. What is the tens digit of h?
4
Let k = -8 + 6. Let j = k + 12. What is the units digit of j?
0
Let n = 3 - 0. Suppose l - f = -4*l + 37, 15 = n*l - 3*f. What is the units digit of l?
8
Suppose 4*h - 8 = 3*h. Suppose -h = -x + 7. What is the tens digit of x?
1
Let a = -147 + 70. Let q = 42 + a. Let r = -23 - q. What is the units digit of r?
2
Let l(w) = -30*w**3 - w - 1. Let m be l(-1). Let a = 42 - m. What is the units digit of a?
2
Suppose -f - 2 + 6 = 0. Suppose 6*m = 4*i + m - 155, f*i - 3*m - 157 = 0. What is the units digit of i?
0
Suppose 28 = 5*m - 17. What is the units digit of -6*(1 + (-21)/m)?
8
Suppose 0 = -5*p - a + 25, 0*p - 2*a = -5*p + 25. Let z = -2 + p. What is the units digit of z?
3
Let s = -1 + 4. Suppose -y + 10 = y - s*h, -5 = -y - 5*h. What is the units digit of y?
5
Let d(t) = -49*t + 21. What is the units digit of d(-3)?
8
Suppose -17 - 7 = 4*p. Let w = 4 + p. What is the units digit of -3*(7/(-3) - w)?
1
Let p(v) = -v**3 + v**2 - 2*v + 4. Let i(m) = 2*m**3 - 2*m**2 + 4*m - 9. Let t(n) = -3*i(n) - 7*p(n). What is the units digit of t(3)?
3
Let d(c) = -2*c**3 - 5*c**2 + 23*c + 8. Suppose u + 6 = 4*u. Let j(b) = b**3 + 3*b**2 - 11*b - 4. Let z(g) = u*d(g) + 5*j(g). What is the tens digit of z(-6)?
1
Suppose 10 = 5*o, 2*l + o - 2*o = -122. What is the units digit of 14*(3 - l/(-28))?
2
What is the units digit of -5*(-17 - 1) + 5?
5
What is the units digit of 8*(5 + 32 + -5)?
6
Suppose 0*j = -5*j - 35. Suppose 0 = 4*v - 25 - 23. Let l = v + j. What is the units digit of l?
5
Suppose 3*g = 2*g - 3*x + 5, -2*g + 2*x + 26 = 0. Let u = 23 - g. Suppose -3*q = 2*z - 28, 2*z + q - 2*q = u. What is the units digit of z?
8
Let p(r) = 4*r**2 - r. Let g be p(-1). Suppose -2*k = -2*f - 64, -g*k + 5*f + 28 = -4*k. Suppose -6 = -2*s, 2*i + i + 2*s - k = 0. What is the units digit of i?
9
Let y(o) = -o**3 + o + 3. Suppose 3*g = -2*g. Let d be y(g). Suppose j = d*j - 20. What is the units digit of j?
0
Let x = 235 + -40. What is the units digit of x?
5
Let p = -2 + -4. Let j = p + 18. What is the units digit of j?
2
Let k(f) = -f**3 - 6*f**2 + 8. Let h be k(-6). Suppose -20 = -4*i - h. Suppose i*g = 17 - 2, -g - 2 = -o. What is the units digit of o?
7
Suppose n - 15 - 211 = 0. What is the hundreds digit of n?
2
What is the tens digit of (-8)/36 + 470/9?
5
Let m(n) = 20*n**2 - 1. What is the tens digit of m(-2)?
7
Let p = -10 + 10. Suppose 2*w - 36 - 8 = p. What is the tens digit of w?
2
Suppose 0 = -3*v - 2*v. Let j = 0 - v. Suppose 3*f + f = -4*u + 4, 4*u - 4*f - 12 = j. What is the units digit of u?
2
Let l = -9 + 3. Let f = l + 13. What is the units digit of f?
7
Let r(s) = -s**2 + 6*s. Let l be r(5). Let b = 13 - 12. Suppose b = l*i - 4. What is the units digit of i?
1
Let p = 425 - 286. What is the units digit of p?
9
Suppose n + v = -22, -n + 2*v - 3 - 4 = 0. Let c = n - -28. What is the units digit of c?
1
Let v = 107 + -65. What is the units digit of 1*-1*v/(-2)?
1
Let r be 3*2/(-3) - -4. Suppose r*b = 7*b - 80. What is the tens digit of b?
1
Suppose 5*h - 270 = -75. What is the units digit of h?
9
Suppose a - 7*s + 2*s = 2, 0 = -4*s. What is the units digit of a?
2
Let g = 11 + 35. What is the tens digit of g?
4
Suppose 4*a = 2*a - 4*m - 30, 0 = m + 5. Let i(p) = p**3 - 4*p**2 - 8*p - 5. Let l be i(6). Let r = a + l. What is the units digit of r?
4
Let m(c) = 0*c - c + 1 + 0*c. Let b be m(-4). Let o = b - 1. What is the units digit of o?
4
Let g(o) = -2*o + 0*o**2 - 7*o - 8 - o**2. Let l be g(-8). Suppose l*k - 13 = -2*v - 3*k, 3*v = 5*k + 29. What is the units digit of v?
8
What is the units digit of (-3)/(-6)*52/1?
6
Let v = -278 + 440. What is the units digit of v?
2
Let l(r) = 3*r - 4. Let o be l(3). Suppose -3*b - 28 = -o*b. What is the tens digit of b?
1
Let g = 8 - 6. Suppose -8 = -g*h - 2. Suppose -v + 0*v - 7 = -4*p, 2*v - 1 = h*p. What is the units digit of v?
5
Let x be (-231)/(-12) + (-3)/12. Suppose -b - x = -2*b. What is the tens digit of b?
1
Suppose -4*u = -6*u + 110. What is the units digit of u?
5
Suppose 2*i = -2*i. Suppose 2 = 5*y - 3, -z + y + 19 = i. Suppose -2*u + z = 4*q, -7*q + 11 = -2*q - u. What is the units digit of q?
3
Suppose -5*q = -64 + 9. Let a be 1/(q/(-6) - -2). Suppose g + a*z = z + 19, 2*g = 3*z + 12. What is the units digit of g?
9
Suppose -m = y + 6, 4*y = 6*y - m + 27. Let q = y + 18. What is the units digit of q?
7
Let s(t) = -t**3 + 2*t**2 + 3*t. Suppose 4*u + 0 - 12 = 0. Let r be s(u). Suppose 2*b + 5*f - 2 = -b, -5*b - 4*f + 25 = r. What is the units digit of b?
9
What is the tens digit of ((-1)/(-2))/(8/656)?
4
Suppose 2*z = -2*z + 4*u + 16, 2*z + u - 14 = 0. Suppose 4*b = 4*k - 12, -z = -2*k - 0*k - 2*b. Let s = k - 1. What is the units digit of s?
2
Suppose -3 = -w + 6. What is the units digit of 84/w + 4/(-12)?
9
Let u(f) = -f + 8. Let v be u(5). Suppose 10 = 3*t - 2*d + v*d, 5*t - 20 = -5*d. Suppose 4*i = 3*p + 29, -2*i + 4 = -t*i + 3*p. What is the units digit of i?
1
Suppose 2*v - 11 = -5*a + 29, 5*v = -2*a - 5. What is the units digit of (-2)/(-5) + 56/a?
6
Suppose 4*s = -4, -4*u - s + 1 + 2 = 0. Suppose -j = -15 - u. What is the tens digit of j?
1
Let j be 5/((-10)/(-6)) + 79. Suppose j - 25 = 3*l. What is the tens digit of l?
1
Let x be 20*-2*(-3)/12. Suppose -2*j - 4 = -x. What is the units digit of j?
3
Let s(p) = 2*p**2 - 8*p - 3. What is the units digit of s(7)?
9
Let q = 16 - -13. Suppose 0 = 5*g + q - 179. What is the tens digit of g?
3
Suppose -4 = 4*k, 0 = 2*g + 3*g - 4*k - 1019. What is the units digit of g?
3
Let n be 2/10 + 12/(-10). Let m = n + 3. What is the units digit of m?
2
Let y(r) = -5*r - 10. What is the units digit of y(-3)?
5
What is the hundreds digit of (-61)/(2 + 5/(-2))?
1
Suppose 5*f = -4*y + 2*y + 133, -12 = -3*y. What is the units digit of f?
5
Let g be (-3 - (-4)/2) + -25. Let d = -11 - g. What is the units digit of d?
5
Let s(l) = l - 16. Let t be s(6). Let g = 12 - t. What is the units digit of g?
2
Let s(z) = z - 3. Let b be 12 + (2 - 3)*1. What is the units digit of s(b)?
8
Suppose -2*g - r = 5 + 6, -9 = 3*r. Let x = 52 - g. Suppose x = 4*d - 0*d. What is the units digit of d?
4
L